 + -29 + (-9)/(-3). List the prime factors of (-8)/(-52) - (6852/l)/3.
2, 11
Suppose -2*y = -4*y, 4*w - 4032 = -3*y. What are the prime factors of w?
2, 3, 7
Suppose 3*d - 1 = -g - 0*g, 4*g = -4*d + 12. Suppose -x + g = 2. Let l(o) = 2*o**2 + o - 2. What are the prime factors of l(x)?
2
Suppose 2*i - 18 = -2*w, -3*i + 4*w + 15 = -19. Suppose -2*p - 3 = -19. Let x = i - p. What are the prime factors of x?
2
Let b = -8 + 6. Let a = b - -19. Let k = 9 + a. List the prime factors of k.
2, 13
Suppose 17*h = 39409 + 34677. What are the prime factors of h?
2, 2179
Let t = -555 - -800. List the prime factors of t.
5, 7
Let m = 465 - 128. Suppose 248 + m = 9*j. List the prime factors of ((-117)/j)/((-3)/10).
2, 3
Suppose -25440 - 3248 = -16*b. What are the prime factors of b?
11, 163
Let c(j) = -j**2 - 2*j + 2. Let l be c(-3). Let x be ((-32)/40)/(l/(-5)). List the prime factors of x/(-20) - 58/(-10).
2, 3
Let k(a) = 5 - 3 - a - 21*a**2 + 20*a**2. Let m be k(3). List the prime factors of (-96)/m - 4/(-10).
2, 5
Suppose 230 = -5*t + 635. List the prime factors of t.
3
Suppose 570 = 12*h + 3*h. List the prime factors of (152/(-5))/(h/(-95)).
2, 19
Suppose -20*i + 4185 = -11*i. What are the prime factors of i?
3, 5, 31
Let j = -2 + 2. Suppose j = -z + 3 + 2. Suppose -14 = -z*f + 3*f. List the prime factors of f.
7
Let p(v) = -v**3 - 5*v**2 + v - 11. Let x(m) = m**3 + 2*m**2 + 4. Let g be x(-3). Let h be p(g). What are the prime factors of h/48*(-66)/1?
2, 11
Let v(q) = -q**2 - 7*q + 10. Let w be v(-7). Let j = 29 - 18. Suppose -3*h + j = -w. List the prime factors of h.
7
Let q be -3 + (-12)/(-4) - 0. Let l(j) = j**3 - j**2 + 123. Let i be l(q). Suppose 2*w + 294 = 5*s, 2*s - 3*w = -4*w + i. What are the prime factors of s?
2, 3, 5
Suppose -14 = 4*r + 2*k, -4*r + 20 = -5*k - 1. Let j(g) = -7*g**3 + g**2 - 2*g - 2. What are the prime factors of j(r)?
2
Let x = -50 + 55. Let u(f) = f**2 - 2*f + 9. What are the prime factors of u(x)?
2, 3
Let b be -91*(2/8)/(14/(-16)). Suppose 210 + b = 2*y + 2*w, -w + 2 = 0. What are the prime factors of y?
2, 29
Suppose -3*c + 5*w = -4, 4 = -c - 4*w + 11. Let y(b) = 11*b. Let o be y(c). Suppose 0 = 2*s + 3 - o. What are the prime factors of s?
3, 5
List the prime factors of (28 - 13)/((-1)/(-91)).
3, 5, 7, 13
Let k = -15 + 16. Suppose f - 3 = -k. Suppose -f - 1 = -n. What are the prime factors of n?
3
Suppose -3*u - 4*d + 2055 = -d, 4*d = -2*u + 1362. Suppose 12*l + 113 = u. List the prime factors of l.
2, 3
Suppose -y + 167 = -5*l, 2*y + 2*y + 3*l = 553. Let o = y - 70. List the prime factors of o.
2, 3
Let r = 327 - 136. Suppose 0*p = -5*x + 2*p + 255, -4*x - p + r = 0. What are the prime factors of x?
7
List the prime factors of 15770/20 - 9/(-6).
2, 5, 79
Let v(y) = -y**2 - 16*y - 12. Let d be v(-14). Suppose 18*h + d = 19*h. Let x = h - -15. List the prime factors of x.
31
Let q(f) = 4*f + 149. What are the prime factors of q(-16)?
5, 17
Let d = -2006 - -2464. What are the prime factors of d?
2, 229
Suppose -23*w + 76583 - 2500 = 0. List the prime factors of w.
3221
Suppose 10 = 8*r - 6. Suppose -984 = r*v - 8*v. What are the prime factors of v?
2, 41
Let d(u) = 5*u**2 + 41*u + 10. Let v be d(-8). List the prime factors of v + 155/(15/3).
3, 11
Suppose -4*o = -5*m + 4, -o + 1 = 2*m - 11. Let d be m/(4/(-5))*-1. Suppose -10*f + 235 = -d*f. List the prime factors of f.
47
Suppose -4*q + 222 = -218. Let t = q + -57. Let j = -23 + t. What are the prime factors of j?
2, 3, 5
Suppose 4*w = u, w - 5*u = 3*w. Suppose 2*h - 4*p = 102, -6*h + 2*p + 96 = -4*h. Suppose w*m + 5*m - h = 5*s, s = 0. List the prime factors of m.
3
What are the prime factors of (3854/188)/((-2)/(-4))?
41
List the prime factors of 87/(-2)*(-10)/(-15)*-8.
2, 29
Let h be (-18)/(-3) - 4 - -268. Suppose -h = -6*l - 24. What are the prime factors of l?
41
Let y = 117 + -44. Suppose 2*x - 3*j = y + 264, 5*j = x - 172. What are the prime factors of x?
167
Suppose 4*p = 5*p + 6. Let o be p/(-27) - (-50)/18. Let x = o + 7. List the prime factors of x.
2, 5
Suppose 5*d - 8 = 17. Suppose -5*g + 652 = -2*l, 140 = -3*g + 4*g + 2*l. Suppose -170 = -d*x + 5*i, 0*x + 4*x = 3*i + g. What are the prime factors of x?
2, 3, 5
Let u = -3 - -6. Let y(i) = 11*i - 64. Let c be y(20). Suppose -5*t - 2*r + c = -r, -t = u*r - 20. What are the prime factors of t?
2
Let i(d) = 2*d**2 - 22*d. Let u be i(11). Suppose 4*z + u = -12, -4*z - 119 = -x. What are the prime factors of x?
107
Let k be 14/(-49) + 23/7. Suppose -k*s = 2 - 41. Let m = -4 + s. List the prime factors of m.
3
What are the prime factors of 2/(-4 - -2)*-423?
3, 47
Suppose 4*l - 97 = 155. Suppose -y + 69 + 16 = 5*z, l = 3*z + 3*y. What are the prime factors of z?
2
Let d(s) = -s + 1. Let b(j) = j**2 + 7*j + 20. Let h(o) = b(o) - 5*d(o). Let y be h(-11). Suppose y*x = x + 48. List the prime factors of x.
2
Let d(g) = -72*g - 295. List the prime factors of d(-7).
11, 19
Let b(y) = y + 1. Let r(m) be the second derivative of 7*m**3/6 - m**2 - 7*m. Let n(w) = -3*b(w) + r(w). List the prime factors of n(4).
11
Suppose -3*x - 5*x + 9120 = 0. Suppose 12*y - x = 540. List the prime factors of y.
2, 5, 7
Suppose 5*i = 2*i + 45. Let x = i - -1. What are the prime factors of x?
2
Suppose -2*f - n + 11 = 0, 0*n - 10 = -2*n. Suppose 4*w = -5*x + 594 - 238, -f*x + 221 = -5*w. Suppose 3*y = -0 + x. What are the prime factors of y?
2, 3
Suppose -2*b = -5*b + 54. Let i = 89 + b. Suppose 3*u - y = 6*u - 54, -5*u = -4*y - i. List the prime factors of u.
19
Suppose 0 = -0*c + 5*c + 3*l + 73, 3*l = -3. Let b be (c/(-6)*3)/1. Let a(q) = q**3 - 5*q**2 - 8*q - 10. What are the prime factors of a(b)?
2
Let n(g) = -2*g + 30. Let f(k) = k**3 - 3*k**2 + 3*k + 1. Let d be f(3). List the prime factors of n(d).
2, 5
Let c = 16 + -16. Suppose -2*g - 8 + 30 = c. List the prime factors of g.
11
Let n = 21 + -23. List the prime factors of 445/(-10)*1*n.
89
Let h = -488 + 1175. Let d = -361 + h. List the prime factors of d.
2, 163
Suppose -20 = 4*a, 77 = -3*p - 0*p + 5*a. Let z = p - -96. What are the prime factors of z?
2, 31
Suppose 4*z + 3 - 9 = u, 0 = 3*u - 3*z. Suppose u*n = 4*n - 122. List the prime factors of n.
61
Let a be 30 - (0 + 0) - 2. Suppose -m = -2*h - 17, -h = -2*m + 24 + 1. Suppose -a + m = -k. What are the prime factors of k?
17
Suppose 2*o - 4*o + 30 = -4*s, -50 = -3*o + 5*s. Let d = o - -5. List the prime factors of d.
2, 3, 5
Let t be (-2)/(-10) - (-427)/(-35). Let q be ((-14)/t)/((-12)/(-72)). Suppose 3*x = q*x - 24. List the prime factors of x.
2, 3
Suppose 3*v + v = -16, -u - 4*v = -176. What are the prime factors of u?
2, 3
Let l = 1706 + -514. List the prime factors of l.
2, 149
Suppose 41*v - 46*v - 225 = 0. Let f = 68 + v. List the prime factors of f.
23
Suppose -52 = -9*i + 1649. What are the prime factors of i?
3, 7
Let q be 1858/18 + ((-6)/27 - 0). Suppose 3*i = 15, q - 357 = -3*b - 4*i. What are the prime factors of b?
2, 3, 13
Let m be (3/(3/(-10)))/2. List the prime factors of (2/m)/(1/(-180)).
2, 3
Suppose -5*v - 16 = -2*m, -3*v - 6 = m - 3. Suppose -52 = -z - m*z. Let r = -2 + z. What are the prime factors of r?
11
Suppose -20 = -3*g - 5*l - 0*l, -3*g + 10 = -5*l. Let b = g + -10. What are the prime factors of (-5)/b*(-2 - -25)?
23
Suppose 24 = 4*s + 2*b, 2 = 2*s + 4*b - 22. Let p be 58/s - (-1)/(-2). Suppose -2*l + l = -p. What are the prime factors of l?
2, 7
Suppose 10*o - 31117 = -19*o. List the prime factors of o.
29, 37
Let r(d) = -5*d + 1. Let h(x) = x - 1. Let v(b) = -6*h(b) - r(b). Let w be v(8). List the prime factors of (-9)/(-6)*(w + 5).
3
Suppose 4*n + 40 = 140. Suppose 5*v + 41 = -4*d, -5*d - 3*v - 10 = n. What are the prime factors of (d/(-12))/((-1)/(-99))?
3, 11
Suppose q - 3 = -0, 3*j + 3*q = 21. Suppose 0*r + 618 = j*n + 5*r, -2*n = 3*r - 308. What are the prime factors of n?
157
Let i be (-35)/14*(-3 - -1). Suppose 0 = i*w - 3*w - 28. What are the prime factors of w?
2, 7
Suppose -4*n = -3996 - 3924. List the prime factors of n.
2, 3, 5, 11
Let o be ((-39)/(-52))/((-2)/(-8)). Suppose 0 = -o*w - 17 + 77. Let z = w + -6. What are the prime factors of z?
2, 7
Let l(u) = -3*u + 3*u - 2*u + 5*u + 19. Let c be l(-13). List the prime factors of (-248)/c + (-4)/10.
2, 3
Let y be 41 + (3 - 0) + -2. 